ppose 3*i = 9 + 9. Let j be (2/(-3) - 0)*i. Is (j - -6)/(2/287) a prime number?
False
Let j(i) = i**3 - 10*i**2 + 23*i - 4. Is j(15) a composite number?
True
Let w(c) = 978*c + 97. Is w(4) a composite number?
True
Suppose 15*d = 9*d + 7314. Is d a prime number?
False
Let x(q) = 7*q - 13. Let n(p) = p - 1. Let k(t) = -5*n(t) + x(t). Let y be k(3). Let h(o) = -9*o**3 + 3*o**2 + 3*o + 1. Is h(y) a composite number?
False
Let o(d) be the second derivative of d**5/20 + d**4/2 + 7*d**3/6 + d**2/2 - 6*d. Is o(-3) prime?
True
Let h be (5/(-7))/((-3)/21). Suppose a - 1 = 3*f + 6*a, 5*a - 15 = h*f. Is f + 1170 - (-6 - -3) a composite number?
False
Let c(y) = -y**3 + 49*y**2 + 63*y - 85. Is c(42) a composite number?
True
Let d(j) = 15*j - 88*j - 3 - 144*j. Is d(-2) composite?
False
Let k = 24 + -22. Suppose -4*p = j + k*j - 1619, 3*p = -4*j + 2168. Is j a prime number?
False
Let v(m) = m + 9. Suppose 2*g + 14 = -s, -4*g = 3*s + g + 39. Let d be v(s). Is (-1320)/(-4) + 0 - d composite?
True
Suppose 0 = -4*h - h. Let b(c) = 356*c + 1 + h - 90*c. Is b(3) a prime number?
False
Is (-5)/(4 - 3789/947) a prime number?
False
Let g = 798 + -467. Is g prime?
True
Let p(c) be the first derivative of c**3/3 + c**2/2 + c + 2. Suppose 11 = -6*x - 1. Is p(x) composite?
False
Suppose -19*v + 7*v + 98052 = 0. Is v a composite number?
False
Suppose 0 = 4*t + 3*t - 609. Let m = t + -58. Suppose 0 = 24*p - m*p + 265. Is p a prime number?
True
Let j(b) = 2*b - 11. Let g be j(12). Suppose -845 = -g*f + 8*f + 2*n, -4*f - 4*n = -648. Is f prime?
True
Suppose 3*k + 5*n - 34 = 0, k + 6*n - 3*n = 18. Suppose 0 = o + 2*o - 3*q + 45, o - k*q = -21. Let p = o + 311. Is p a composite number?
True
Suppose -2*i + 57 = -59. Let s(x) = -x - 1. Let y be s(1). Is y/(-4)*i*5 composite?
True
Let s(p) = 52*p**2 + 38*p + 35. Is s(-10) prime?
False
Let h(q) = 413*q**2 + 33*q - 61. Is h(2) prime?
True
Let w(p) = -5*p**2 - 29*p + 10. Let z(t) = 2*t**2 + 10*t - 3. Let u(n) = 4*w(n) + 11*z(n). Let x = 10 - 19. Is u(x) a composite number?
False
Let l = 17 + -15. Suppose f + 3*x = -168, -192 = -l*f - 5*x - 533. Is (f/3 - -2)/(-1) a prime number?
True
Suppose -2*u - 2519 + 10737 = 4*x, 0 = 4*x + 4. Is u composite?
False
Suppose -b - 3*c = -2*c + 4, 4*b - 4*c = 24. Is b + (-13)/(65/(-550)) a composite number?
True
Let t = -357 + 96. Let s = -24 - t. Is s a prime number?
False
Let m(z) = 828*z**3 + z - 2. Let r be m(1). Suppose -y + 2*w + r = 0, 3*w = 3*y - w - 2475. Is y a prime number?
True
Let s = -2758 + 24873. Is s a prime number?
False
Let s be 5505/10*56/6. Is (-57)/(-38) - (1 - s/4) prime?
False
Let g(k) = 6*k**3 + 5*k**2 + 31*k - 9. Is g(11) prime?
True
Let f(v) = -9*v - 26. Let b be f(-4). Suppose 0 = 2*s - 4*l - 1962, 9*s + 971 = b*s + 3*l. Is s prime?
True
Suppose -35*t - 3*t = -878674. Is t composite?
True
Suppose 2*f = -3*a + 11587, 8*a - 5*a - 11588 = -f. Is a a prime number?
True
Let t = -60 - -60. Suppose 2*c + 499 - 3033 = t. Is c composite?
True
Suppose -19*a + 30122 - 7949 = 0. Is a prime?
False
Let u = -1 - 1. Let j be 1*1*(-2)/u. Is 214 + (0 + -2 - j) a composite number?
False
Let a = -25250 - -35937. Is a composite?
False
Suppose 75*h - 1704739 = 34*h. Is h a prime number?
True
Let c = -821 + 1539. Let x = c + -225. Is x a prime number?
False
Let p(h) = 17068*h - 109. Is p(9) a prime number?
False
Let r = 291 - -1246. Is r a composite number?
True
Suppose 2*a + 2*n = 10, 0*a + 5*n = 2*a - 10. Suppose 5*z + 2 = q - 17, 5*q - a*z - 15 = 0. Is (q/2 + 0)*-586 a composite number?
False
Suppose 95 = n - 2*k, n - 8*k - 110 = -3*k. Suppose 2*j - n + 11 = 0. Is j prime?
True
Suppose 855 = 4*o - 417. Is (o - -2) + 4/4 prime?
False
Suppose -10*x + 1171539 = -x. Is x a prime number?
True
Suppose 1029 + 126 = 2*t - k, -3*k = -3*t + 1740. Suppose -5*h + 720 = 5*i, -i + t = 3*i + 5*h. Is i a composite number?
True
Let r be (-1290)/4*(-10 + 8). Let x = r + -408. Is x composite?
True
Suppose 131488 = 8*h + 14952. Is h a prime number?
False
Suppose 2*o - 6 = -5*b - 3, 0 = -o + 2*b - 12. Is (-22169)/(-9) + o/27 a prime number?
False
Let r(n) = n**2 + n - 1. Let v be r(2). Suppose -t = 3*s - 3, 3*t - s = -3*s + 2. Suppose -72 = -t*f - f - v*u, 62 = f - 5*u. Is f a prime number?
True
Suppose 10*a + 12 = 4*a. Is 38/(-1)*(-2 + a)/8 a prime number?
True
Let d = 2254 - 1313. Is d prime?
True
Let s(f) = 110*f + 7. Let v(o) = 221*o + 13. Let b(h) = -13*s(h) + 6*v(h). Is b(-3) prime?
False
Let l be (-24)/(-36)*1440/2. Let b(y) = 80*y**2 + y + 1. Let k be b(2). Let x = l - k. Is x composite?
False
Suppose -2*f + 12 = -f + 2*w, -14 = -f - 4*w. Is 0 + (6/f - 23296/(-40)) a composite number?
True
Let n(j) = j**3 + 3*j**2 - j - 1. Let k be n(-3). Suppose 2*w - 8 = k. Suppose -c - 959 = -5*v + 95, -1058 = -w*v - 3*c. Is v composite?
False
Suppose 0 = s - 1, -4*i + 18497 - 1306 = -5*s. Is i prime?
False
Let l = -35 - -8. Is ((-1756)/(-16))/(l/(-12) - 2) a prime number?
True
Suppose -3*f = -2*l - 3397, 2*l + 325 + 806 = f. Let c be 41 + 2/2*-2. Suppose -4*x + c + f = 0. Is x a prime number?
True
Suppose 3*k + 3405 = -5*v, 2*k + 2*k - 2692 = 4*v. Let o = v + 1445. Is o prime?
False
Is (5870690/25)/7 - 2/(-10) composite?
False
Let j = 1757 - -890. Is j a prime number?
True
Let z be (12/(-14))/(6/(-21)). Let x(a) = -5*a**3 + z - 2*a + 2*a**2 - 3*a**2 + 12*a**3 - 2*a. Is x(4) prime?
True
Suppose 0 = -6*o + 3 + 57. Suppose 0 = 4*f - o - 10. Suppose -4*g - 701 = 3*n - 2800, -f*g = 2*n - 2615. Is g composite?
False
Let x = -35 - -37. Is (-3)/x*7/(63/(-2382)) prime?
True
Suppose 9802 - 3032 = 5*d + 5*t, -d + 3*t = -1370. Suppose 0 = 3*z - 10*z + d. Is z prime?
False
Suppose 134*d = 138*d, -5*a + 4*d + 64105 = 0. Is a prime?
True
Is -694*-1*-2*(-2)/4 composite?
True
Suppose 6*a - 7166 = 8950. Suppose -3*o + a = -1079. Is o prime?
False
Is 5/((-25)/(-20035) - 0) a composite number?
False
Let k be ((-18)/12)/(9/(-14610)). Suppose -2*d - 2*d + 4*w = -1948, -5*d + 3*w = -k. Is d a prime number?
True
Let a = 8590 - 2459. Is a composite?
False
Suppose -7*j = 5514 - 18275. Is j a composite number?
False
Let a(f) = -f + 11. Let g be a(9). Suppose 5*y = g*y + 1905. Suppose -3*s + y = 2*s. Is s prime?
True
Let o(t) = -t**3 + 43*t**2 - 65*t - 99. Is o(40) composite?
True
Let s(a) = a**3 - 13*a**2 + 14*a - 1. Let g = 67 + -53. Is s(g) prime?
False
Suppose 0*g - 2*g = 0. Suppose g = -2*w + 1226 + 4344. Suppose -3*c - w = -8*c. Is c a composite number?
False
Is 29/(58/(-12)) + 9248 prime?
False
Suppose 0 = q - 3*a - 1156, 12*q + 4657 = 16*q - a. Is q composite?
True
Let w(m) = m**2 - 10*m + 10. Let s be w(8). Let p(c) = c**2 + 5*c - 1. Let k be p(s). Suppose -k*i + 351 = -1144. Is i a composite number?
True
Let s = 693 + -1549. Let g = 2162 + s. Is g prime?
False
Suppose -7*s + n + 23 = -3*s, -4*s + 2*n + 26 = 0. Suppose 4*o - 2000 = -0*o + s*d, -3*o + 1535 = 5*d. Is o a prime number?
False
Let z = -3 + -31. Let k = 177 - z. Is k a prime number?
True
Suppose r + 16046 = a, -3*a - 48135 = -6*a + 4*r. Is a a prime number?
False
Let h be 55*((4 - 3) + 1). Let i = h + -160. Let b = i + 117. Is b prime?
True
Let k be 1*-1*(-5 - 2). Let t(l) = -l**3 - 3*l**2 + 7*l - 2. Let g(n) = -3*n**3 - 8*n**2 + 20*n - 6. Let f(m) = -6*g(m) + 17*t(m). Is f(k) composite?
False
Let w(h) = -3142*h + 215. Is w(-9) composite?
False
Let h(b) = 10*b + 19. Let c(t) = 7*t + 13. Let l be (1 - (-5)/2)*-2. Let q(j) = l*c(j) + 5*h(j). Is q(9) a composite number?
False
Let o be (-27 + 31)/(1/4). Suppose 12*n - o*n + 8396 = 0. Is n a prime number?
True
Let g = 484 - -3889. Is g composite?
False
Let t(y) = y**3 + y**2 + 2*y + 926. Suppose -q + 2*q + 5*c = 20, 0 = -3*q + c - 4. Let n be t(q). Suppose 11*i = 13*i - n. Is i prime?
True
Let t(a) = a**3 + 4*a**2 - 79*a + 23. Is t(12) composite?
True
Suppose 3*w - 4 = w. Suppose i - 3639 = -w*i. Is i a composite number?
False
Let n be (-4 + 8)/(8/6). Suppose -5*x - n*p = -9574, 3*p - 3835 = -2*x - 0*x. Is x composite?
False
Is (-37367)/(-55) + (-8)/20 a composite number?
True
Suppose 5*w - 5 = -2*s + 6, 5*s - 15 = 0. Suppose -346 = -5*d - 3*f, 286 = 4*d - f - w. Is d a composite number?
False
Is -2*(-6)/((-12)/(-3127)) composite?
True
Suppose 0*d - 1 = -d. Let k = 3 - d. Is (-15 + -1 + k)*-1 prime?
False
Suppose 0 = b - 5*k -